*k - 30 = 1004*k. Let u = -2 + 3. What is the remainder when k is divided by u?
0
Let m be (-4 + 4 + -1)*0. Suppose 5*d - r = -16 + 63, 2*d + 5*r - 35 = m. Calculate the remainder when d is divided by 3.
1
What is the remainder when (-3)/((-132)/(-8)) - 9250/(-55) is divided by 55?
3
Suppose 0 = 11*p - 8*p - 132. What is the remainder when p is divided by 10 + -1 + 1 - 1?
8
Suppose 2*z + 38 = 68. Calculate the remainder when 1*(1 - 4) + 57 is divided by z.
9
Let f(p) = 7*p + 15. Suppose -45*o + 110 = -40*o. What is the remainder when f(7) is divided by o?
20
Let h be ((-468)/91)/((-6)/28). Let q = -20 + h. What is the remainder when 13 is divided by q?
1
Suppose -b = -2*b + 27. Let t = 54 - b. What is the remainder when t is divided by (-129)/(-9) + 15/(-45)?
13
Let x(l) = -39*l + 7. Calculate the remainder when x(-1) is divided by 7.
4
Let g(j) = -j**3 + 1. Suppose 28*f + 3*u = 33*f - 116, 0 = 4*f + u - 86. Calculate the remainder when g(-4) is divided by f.
21
What is the remainder when 77 is divided by ((-13)/(-2))/(38/76)?
12
Suppose 0*s = 5*i + 2*s - 35, 5*i + 4*s - 35 = 0. Calculate the remainder when (26/8 + -1)*16/2 is divided by i.
4
Let m = -5 + 8. Suppose 0*z - 160 = -5*z. Let d = z - 23. What is the remainder when d is divided by m?
0
Let c(x) = 4*x + 3. Let t(p) = 2*p**3 + 2*p**2 + p + 4. Let z(g) = g + 9. Let n be z(-6). Calculate the remainder when t(n) is divided by c(6).
25
Let l(v) = -1 - 2*v**2 - v**2 + 4*v**2 - v + 4. Let h be l(3). Let y = 30 - h. What is the remainder when y is divided by 6?
3
Let w(j) = -j**3 + 63*j**2 + 5*j - 31. Calculate the remainder when w(63) is divided by 49.
39
Let p = -1570 + 1584. What is the remainder when 26 is divided by p?
12
Suppose 210 = -4*n - 3*b + 367, 3*b = -n + 28. What is the remainder when 490 is divided by n?
17
Suppose -i + 18 = f, 0*i - i + 102 = 5*f. Suppose d + 0*d - f = 0. Suppose -4*j + 3 + d = 0. Calculate the remainder when 21 is divided by j.
3
Suppose 12 = x - 22. Let r = x + -22. Calculate the remainder when 22 is divided by r.
10
Let n = -395 - -1311. What is the remainder when n is divided by 102?
100
Suppose -17 = -8*q + 7. Suppose q*p - 144 = -p. What is the remainder when 70 is divided by p?
34
Let h(q) = -q**2 + 47*q - 144. Calculate the remainder when h(20) is divided by 31.
24
Let d(u) = 17*u**3 - 2*u + 2. Let i be d(1). Suppose i = 7*g - 95. Suppose 0 = -0*z + 5*z - 235. What is the remainder when z is divided by g?
15
Let o = 44 + -66. Let j = 59 + o. Calculate the remainder when 109 is divided by j.
35
Suppose -2*l = -4*n - 7*l + 58, -n = -4*l - 25. Calculate the remainder when 60 is divided by n.
9
Let n(s) = -2*s**2 + 5*s - 95. Let i(g) = -g**2 + 3*g - 48. Let y(a) = 5*i(a) - 3*n(a). What is the remainder when y(0) is divided by 8?
5
Let b(l) = l + 3. Suppose 6*m - 4*m = 0. Let u be b(m). Suppose -q + 75 - 3 = u*o, o - 2*q = 17. Calculate the remainder when 68 is divided by o.
22
Let c = 0 + -6. Let l be ((-4)/c)/(4/24). Suppose 23 = l*v + m, -2*m + 12 = 2*m. What is the remainder when v is divided by 4?
1
Let b be (432/(-3))/(6/4). What is the remainder when ((-9)/(-6))/((-9)/b) is divided by 9?
7
Let u(p) = -9 + 4*p + 7 + p**2 + 4. Calculate the remainder when u(6) is divided by 21.
20
Suppose 40 = -50*h + 55*h + 2*r, 37 = 2*h + 5*r. Calculate the remainder when 442 is divided by h.
4
Suppose 11*g - 7*g + 48 = 0. What is the remainder when (-9)/g - (-373)/4 is divided by 12?
10
Let w = -91 - -132. Let z be (-11)/(-3) + 5/15. Suppose -23 = -v - 3*t + 4*t, 5*v + z*t - 97 = 0. Calculate the remainder when w is divided by v.
20
Let c = 3 - 8. Let j = -1 - c. Suppose -61 + 187 = 14*y. What is the remainder when y is divided by j?
1
Suppose 4*u = 6*u - 12. Let j(z) = 4*z**2 - 8*z - 10. What is the remainder when j(u) is divided by (1 - -2)*(-22)/(-3)?
20
Let y = 1679 - 1585. Calculate the remainder when 655 is divided by y.
91
Let x(q) = -2*q**3 - q**3 + 3*q**2 + 7*q - 4 - 7*q**2 + 4*q**3. What is the remainder when 71 is divided by x(4)?
23
Suppose 0 = 5*p - 10 + 25, -z - 5*p - 1 = 0. What is the remainder when z is divided by 11?
3
Let x = -1423 + 1448. Suppose q + 210 = 4*q. What is the remainder when q is divided by x?
20
Calculate the remainder when 357 is divided by (-35 + 40)/((0 - -1)/4).
17
Suppose 0 = -2*v + 1 + 1. Suppose 3*k = -15 + 96. What is the remainder when v/(-2 - (-214)/106) is divided by k?
26
Suppose -3*c = 6, -4*c = 2*p + 2*p + 7112. What is the remainder when (-2)/(-7) - p/56 is divided by 17?
15
Let l = -11 - -41. Calculate the remainder when 252 is divided by l.
12
Suppose 3*z = -z. Suppose -62*d + 64*d - 2*y = -2, 45 = 3*d + 5*y. Calculate the remainder when (z + (-2)/(-4))*12 is divided by d.
1
Let w = 103 + -65. Suppose 1 + 4 = -5*z. Let o = z + 11. Calculate the remainder when w is divided by o.
8
Suppose 0 = -2*b + 13 + 11. Let s be 1 - b/(-4) - 2. Suppose -z = s*y - 4, 3*z + 4*y + 12 = 30. What is the remainder when z is divided by 4?
2
Suppose 5*q - 18 - 72 = 0. What is the remainder when 56 is divided by q?
2
Let j be (-4 + 2 + 2)/(-4). Suppose 23 = c - j. What is the remainder when c is divided by 6?
5
Let z = -111 - -156. What is the remainder when 176 is divided by z?
41
Let n(g) = 23*g**3 + g**2 - 2*g + 1. Let r be 6/4 - 5/10. Calculate the remainder when 89 is divided by n(r).
20
Let d = 177 + -98. What is the remainder when d is divided by 37 - ((-6)/(-10))/((-1)/5)?
39
Let i = -109 - -160. Suppose -5*t + 6 = q - 29, -4*t + 8 = 0. What is the remainder when i is divided by 184/10 - 10/q?
15
Let x(u) = 4*u**2 - u - 21. Calculate the remainder when x(4) is divided by 7.
4
Suppose 8*u = -u + 846. Suppose 0 = -7*w + 137 + u. Calculate the remainder when w is divided by 9.
6
Let k(n) = n**2 + 2*n - 4. Suppose -43*v - 7*v = -2600. What is the remainder when v is divided by k(3)?
8
Suppose 0 = 5*f - 2*f. Suppose f = 3*j - 5*s - 130, 0 = -3*j + 4*s + 70 + 64. Let t = -32384 - -32397. Calculate the remainder when j is divided by t.
11
Suppose -4 = -2*y + 36. Let p(r) = -86*r + 785. What is the remainder when p(8) is divided by y?
17
Suppose 3*b - 4*b = 5*d - 40, 3*d - 5*b - 24 = 0. Let o = -34 - -47. What is the remainder when o is divided by d?
5
Let m(u) = -80*u + 10. Let g be m(-4). Suppose -3*h + g = 8*h. Suppose -2*y - 8 = -3*y - s, 2*y = -s + 16. Calculate the remainder when h is divided by y.
6
Let v = 159 - 93. Let w = 3098 - 3081. What is the remainder when v is divided by w?
15
Suppose -10 = -5*k, 2*k + 26 = 2*b + b. Let j = 384 + -316. What is the remainder when j is divided by b?
8
Suppose 3*x + x = y - 47, 4*x + 12 = 0. Calculate the remainder when 244 is divided by y.
34
Suppose 5*l - u = 448, 2*l + 3*u - 65 = 104. Let z = l - 78. Suppose 2*b - 2*i = 66, -8*b + 3*b - 4*i = -138. Calculate the remainder when b is divided by z.
8
Let z = -243 - -261. Calculate the remainder when 35 is divided by z.
17
Let g = -50 + 31. Let p = g + 29. Let x = -50 + 89. What is the remainder when x is divided by p?
9
Let k = 22 + -20. Suppose 0*l + 3*l + 2*a - 142 = 0, 0 = -2*l - k*a + 98. Calculate the remainder when 29 is divided by 16/12 + l/3.
13
Calculate the remainder when 180 + (-15)/(105/(-56)) is divided by 95.
93
Suppose 92*a - 93*a + 105 = 5*u, 0 = -3*a. Calculate the remainder when u is divided by 11.
10
Calculate the remainder when ((-80)/50)/(14/(-13825)) is divided by 31.
30
Let o(w) = w + 7. Let u(d) = 2*d**2 + 15*d + 42. Let q(r) = r**2 + 7*r + 21. Let f(i) = 13*q(i) - 6*u(i). Calculate the remainder when f(0) is divided by o(5).
9
Suppose 0*n + 4*n = -3*s + 105, -3*s - 3*n + 108 = 0. Let g = 41 - 11. Suppose g = 3*t - 0. Calculate the remainder when s is divided by t.
9
Suppose -3*b + 131 = 3*s - 136, 0 = 2*s - 2*b - 194. What is the remainder when s is divided by 27?
12
Suppose -5*a + 486 = -4*u, 2*u = -3*u + 5. Suppose 0 = 5*f - 7*f + a. Calculate the remainder when f is divided by 25.
24
Let b(s) = 26*s - 4. Let z(i) = -i**3 + i**2 + 6*i + 1. Let o be z(3). What is the remainder when b(o) is divided by 6?
4
Calculate the remainder when 19 is divided by 4/5 + 3/15.
0
Let r = -40 + 44. Suppose -r*q + 4 + 320 = 0. Calculate the remainder when q is divided by (28/6)/(4/18).
18
Suppose -2*z + 294 = 4*z. Let a = -3 +